{"id":7086,"date":"2026-01-28T11:43:05","date_gmt":"2026-01-28T10:43:05","guid":{"rendered":"https:\/\/lacooperativechoregraphique.org\/?page_id=7086"},"modified":"2026-04-01T19:16:29","modified_gmt":"2026-04-01T17:16:29","slug":"le-partage-des-eaux","status":"publish","type":"page","link":"https:\/\/lacooperativechoregraphique.org\/index.php\/le-partage-des-eaux\/","title":{"rendered":"LE PARTAGE DES EAUX"},"content":{"rendered":"\n<figure class=\"wp-block-image size-full\"><img loading=\"lazy\" decoding=\"async\" width=\"1065\" height=\"864\" src=\"https:\/\/lacooperativechoregraphique.org\/wp-content\/uploads\/2026\/01\/Nos-rivieres-3.png\" alt=\"\" class=\"wp-image-7088\" srcset=\"https:\/\/lacooperativechoregraphique.org\/wp-content\/uploads\/2026\/01\/Nos-rivieres-3.png 1065w, https:\/\/lacooperativechoregraphique.org\/wp-content\/uploads\/2026\/01\/Nos-rivieres-3-300x243.png 300w, https:\/\/lacooperativechoregraphique.org\/wp-content\/uploads\/2026\/01\/Nos-rivieres-3-1024x831.png 1024w, https:\/\/lacooperativechoregraphique.org\/wp-content\/uploads\/2026\/01\/Nos-rivieres-3-768x623.png 768w, https:\/\/lacooperativechoregraphique.org\/wp-content\/uploads\/2026\/01\/Nos-rivieres-3-592x480.png 592w, https:\/\/lacooperativechoregraphique.org\/wp-content\/uploads\/2026\/01\/Nos-rivieres-3-616x500.png 616w\" sizes=\"auto, (max-width: 1065px) 100vw, 1065px\" \/><\/figure>\n\n\n\n<p class=\"has-extra-small-font-size\"><br><strong>DANS LE CADRE DE L&rsquo;\u00c9DITION 2026 DE CHANTIERS COMMUNS<\/strong><br><br>\u00c0 l\u2019\u00e9quinoxe de printemps, Flora Pilet (cie Noesis) invite \u00e0 un temps de pratique \u00e0 partir de nos flux int\u00e9rieurs. Un temps de partage pour c\u00e9l\u00e9brer ce qui coule, relie et se transforme, \u00e0 l\u2019\u00e9coute des corps, des saisons et des passages.<br><br>Moment d\u2019\u00e9quilibre entre le jour et la nuit, l\u2019\u00e9quinoxe de printemps ouvre un passage. Ce temps de pratique, propos\u00e9 par Flora Pilet (cie Noesis), s\u2019inscrit comme un rituel partag\u00e9 \u00e0 partir de nos flux int\u00e9rieurs. Il invite \u00e0 explorer les \u00e9tats liquides du corps : ce qui coule, circule, d\u00e9borde, s\u2019infiltre et relie. \u00c0 travers des pratiques corporelles et sensorielles, il s\u2019agira d\u2019affiner l\u2019\u00e9coute des transformations \u00e0 l\u2019\u0153uvre, en r\u00e9sonance avec les cycles de la saison. Ce moment collectif c\u00e9l\u00e8bre le renouveau, la mise en circulation des forces vitales et la qualit\u00e9 des liens qui se tissent entre les corps. Un espace pour ralentir, sentir, traverser ensemble ce passage de saison et faire communaut\u00e9 \u00e0 l\u2019\u00e9coute des mati\u00e8res, des rythmes et des mouvements qui nous traversent.<\/p>\n\n\n\n<p class=\"has-extra-small-font-size\">Date : 21 mars 2026<br>Horaires : 14h &#8211; 18h <br>> Suivi d&rsquo;un temps convivial, apportez un plat ou une boisson \u00e0 partager !<br>Tarif : 20\u20ac<\/p>\n\n\n\n<div class=\"wp-block-buttons is-content-justification-left is-layout-flex wp-container-core-buttons-is-layout-fdcfc74e wp-block-buttons-is-layout-flex\">\n<div class=\"wp-block-button\"><a class=\"wp-block-button__link wp-element-button\" href=\"https:\/\/www.helloasso.com\/associations\/la-cooperative-choregraphique\/evenements\/le-partage-des-eaux-rituel-d-equinoxe?_gl=1%2a1qqe0r5%2a_gcl_au%2aMjAxOTQxMTA2My4xNzY5NTk1OTMwLjYwNjEyNjE3Ny4xNzY5NTk2MDc5LjE3Njk1OTYyMTY.\"><strong>INSCRIPTIONS<\/strong><\/a><\/div>\n<\/div>\n\n\n\n<p><\/p>\n","protected":false},"excerpt":{"rendered":"<p>DANS LE CADRE DE L&rsquo;\u00c9DITION 2026 DE CHANTIERS COMMUNS \u00c0 l\u2019\u00e9quinoxe de printemps, Flora Pilet (cie Noesis) invite \u00e0 un temps de pratique \u00e0 partir de nos flux int\u00e9rieurs. Un temps de partage pour c\u00e9l\u00e9brer ce qui coule, relie et se transforme, \u00e0 l\u2019\u00e9coute des corps, des saisons et des passages. Moment d\u2019\u00e9quilibre entre le&hellip; <a class=\"more-link\" href=\"https:\/\/lacooperativechoregraphique.org\/index.php\/le-partage-des-eaux\/\">Poursuivre la lecture <span class=\"screen-reader-text\">LE PARTAGE DES EAUX<\/span><\/a><\/p>\n","protected":false},"author":1,"featured_media":0,"parent":0,"menu_order":0,"comment_status":"closed","ping_status":"closed","template":"","meta":{"footnotes":""},"class_list":["post-7086","page","type-page","status-publish","hentry","entry"],"_links":{"self":[{"href":"https:\/\/lacooperativechoregraphique.org\/index.php\/wp-json\/wp\/v2\/pages\/7086","targetHints":{"allow":["GET"]}}],"collection":[{"href":"https:\/\/lacooperativechoregraphique.org\/index.php\/wp-json\/wp\/v2\/pages"}],"about":[{"href":"https:\/\/lacooperativechoregraphique.org\/index.php\/wp-json\/wp\/v2\/types\/page"}],"author":[{"embeddable":true,"href":"https:\/\/lacooperativechoregraphique.org\/index.php\/wp-json\/wp\/v2\/users\/1"}],"replies":[{"embeddable":true,"href":"https:\/\/lacooperativechoregraphique.org\/index.php\/wp-json\/wp\/v2\/comments?post=7086"}],"version-history":[{"count":6,"href":"https:\/\/lacooperativechoregraphique.org\/index.php\/wp-json\/wp\/v2\/pages\/7086\/revisions"}],"predecessor-version":[{"id":7144,"href":"https:\/\/lacooperativechoregraphique.org\/index.php\/wp-json\/wp\/v2\/pages\/7086\/revisions\/7144"}],"wp:attachment":[{"href":"https:\/\/lacooperativechoregraphique.org\/index.php\/wp-json\/wp\/v2\/media?parent=7086"}],"curies":[{"name":"wp","href":"https:\/\/api.w.org\/{rel}","templated":true}]}}

<figure class="wp-block-image size-full"><img loading="lazy" decoding="async" width="1065" height="864" src="https://lacooperativechoregraphique.org/wp-content/uploads/2026/01/Nos-rivieres-3.png" alt="" class="wp-image-7088" srcset="https://lacooperativechoregraphique.org/wp-content/uploads/2026/01/Nos-rivieres-3.png 1065w, https://lacooperativechoregraphique.org/wp-content/uploads/2026/01/Nos-rivieres-3-300x243.png 300w, https://lacooperativechoregraphique.org/wp-content/uploads/2026/01/Nos-rivieres-3-1024x831.png 1024w, https://lacooperativechoregraphique.org/wp-content/uploads/2026/01/Nos-rivieres-3-768x623.png 768w, https://lacooperativechoregraphique.org/wp-content/uploads/2026/01/Nos-rivieres-3-592x480.png 592w, https://lacooperativechoregraphique.org/wp-content/uploads/2026/01/Nos-rivieres-3-616x500.png 616w" sizes="auto, (max-width: 1065px) 100vw, 1065px" /></figure>



<p class="has-extra-small-font-size"><br><strong>DANS LE CADRE DE L&rsquo;ÉDITION 2026 DE CHANTIERS COMMUNS</strong><br><br>À l’équinoxe de printemps, Flora Pilet (cie Noesis) invite à un temps de pratique à partir de nos flux intérieurs. Un temps de partage pour célébrer ce qui coule, relie et se transforme, à l’écoute des corps, des saisons et des passages.<br><br>Moment d’équilibre entre le jour et la nuit, l’équinoxe de printemps ouvre un passage. Ce temps de pratique, proposé par Flora Pilet (cie Noesis), s’inscrit comme un rituel partagé à partir de nos flux intérieurs. Il invite à explorer les états liquides du corps : ce qui coule, circule, déborde, s’infiltre et relie. À travers des pratiques corporelles et sensorielles, il s’agira d’affiner l’écoute des transformations à l’œuvre, en résonance avec les cycles de la saison. Ce moment collectif célèbre le renouveau, la mise en circulation des forces vitales et la qualité des liens qui se tissent entre les corps. Un espace pour ralentir, sentir, traverser ensemble ce passage de saison et faire communauté à l’écoute des matières, des rythmes et des mouvements qui nous traversent.</p>



<p class="has-extra-small-font-size">Date : 21 mars 2026<br>Horaires : 14h &#8211; 18h <br>> Suivi d&rsquo;un temps convivial, apportez un plat ou une boisson à partager !<br>Tarif : 20€</p>



<div class="wp-block-buttons is-content-justification-left is-layout-flex wp-container-core-buttons-is-layout-fdcfc74e wp-block-buttons-is-layout-flex">
<div class="wp-block-button"><a class="wp-block-button__link wp-element-button" href="https://www.helloasso.com/associations/la-cooperative-choregraphique/evenements/le-partage-des-eaux-rituel-d-equinoxe?_gl=1%2a1qqe0r5%2a_gcl_au%2aMjAxOTQxMTA2My4xNzY5NTk1OTMwLjYwNjEyNjE3Ny4xNzY5NTk2MDc5LjE3Njk1OTYyMTY."><strong>INSCRIPTIONS</strong></a></div>
</div>



<p></p>

<p>DANS LE CADRE DE L&rsquo;ÉDITION 2026 DE CHANTIERS COMMUNS À l’équinoxe de printemps, Flora Pilet (cie Noesis) invite à un temps de pratique à partir de nos flux intérieurs. Un temps de partage pour célébrer ce qui coule, relie et se transforme, à l’écoute des corps, des saisons et des passages. Moment d’équilibre entre le&hellip; <a class="more-link" href="https://lacooperativechoregraphique.org/index.php/le-partage-des-eaux/">Poursuivre la lecture <span class="screen-reader-text">LE PARTAGE DES EAUX</span></a></p>
