{"id":6997,"date":"2025-09-26T19:45:38","date_gmt":"2025-09-26T17:45:38","guid":{"rendered":"https:\/\/lacooperativechoregraphique.org\/?page_id=6997"},"modified":"2025-09-26T19:45:39","modified_gmt":"2025-09-26T17:45:39","slug":"asylum-archive-toucher-linstant","status":"publish","type":"page","link":"https:\/\/lacooperativechoregraphique.org\/index.php\/asylum-archive-toucher-linstant\/","title":{"rendered":"asylum &#8211; archive toucher l&rsquo;instant"},"content":{"rendered":"\n<div class=\"wp-block-columns alignwide is-layout-flex wp-container-core-columns-is-layout-9d6595d7 wp-block-columns-is-layout-flex\">\n<div class=\"wp-block-column is-layout-flow wp-block-column-is-layout-flow\">\n<p>Cie NOESIS<br><strong>ASYLUM &#8211; TOUCHER L\u2019INSTANT<\/strong><\/p>\n<\/div>\n\n\n\n<div class=\"wp-block-column is-layout-flow wp-block-column-is-layout-flow\">\n<figure class=\"wp-block-image size-large\"><img loading=\"lazy\" decoding=\"async\" width=\"1024\" height=\"163\" src=\"http:\/\/lacooperativechoregraphique.org\/wp-content\/uploads\/2024\/04\/NI_fanion_compact-1024x163.png\" alt=\"\" class=\"wp-image-6388\" srcset=\"https:\/\/lacooperativechoregraphique.org\/wp-content\/uploads\/2024\/04\/NI_fanion_compact-1024x163.png 1024w, https:\/\/lacooperativechoregraphique.org\/wp-content\/uploads\/2024\/04\/NI_fanion_compact-300x48.png 300w, https:\/\/lacooperativechoregraphique.org\/wp-content\/uploads\/2024\/04\/NI_fanion_compact-768x122.png 768w, https:\/\/lacooperativechoregraphique.org\/wp-content\/uploads\/2024\/04\/NI_fanion_compact-640x102.png 640w, https:\/\/lacooperativechoregraphique.org\/wp-content\/uploads\/2024\/04\/NI_fanion_compact-948x151.png 948w, https:\/\/lacooperativechoregraphique.org\/wp-content\/uploads\/2024\/04\/NI_fanion_compact-1536x244.png 1536w, https:\/\/lacooperativechoregraphique.org\/wp-content\/uploads\/2024\/04\/NI_fanion_compact-2048x325.png 2048w, https:\/\/lacooperativechoregraphique.org\/wp-content\/uploads\/2024\/04\/NI_fanion_compact-1568x249.png 1568w\" sizes=\"auto, (max-width: 1024px) 100vw, 1024px\" \/><\/figure>\n<\/div>\n\n\n\n<div class=\"wp-block-column is-layout-flow wp-block-column-is-layout-flow\">\n<p><strong>31 MAI &amp; 1\u1d49\u02b3 JUIN 2024 \u2013 21h00<\/strong><br>Installation &#8211; performance &#8211; diner<br><\/p>\n<\/div>\n<\/div>\n\n\n\n<div class=\"wp-block-columns alignwide is-layout-flex wp-container-core-columns-is-layout-9d6595d7 wp-block-columns-is-layout-flex\">\n<div class=\"wp-block-column is-layout-flow wp-block-column-is-layout-flow\">\n<p style=\"padding-top:0;padding-right:0;padding-bottom:0;padding-left:0;font-size:14px\">Nous vivons dans un monde dans lequel tout change \u00e0 une vitesse vertigineuse. Les technologies, les modes de vie, les valeurs, les besoins, les d\u00e9sirs\u2026 Tout est en perp\u00e9tuelle mutation, et nous devons nous adapter sans cesse \u00e0 ces transformations. Nous sommes soumis \u00e0 une disruption permanente, qui nous oblige \u00e0 remettre en question nos rep\u00e8res, nos habitudes, nos certitudes. Comment ne pas devenir fou dans ce contexte ?<br><br>Le paysage arborescent de cette cr\u00e9ation immersive vous propose de traverser une exp\u00e9rience \u00e9largie de la pratique chor\u00e9graphique, qui prend \u00e0 bras-le-corps les questions de l\u2019espoir, du commun, de la joie, et d\u2019exp\u00e9rimenter diff\u00e9rentes formes de l\u2019asile, du kiff et du repos, au moins pour un instant.<br><\/p>\n<\/div>\n\n\n\n<div class=\"wp-block-column is-layout-flow wp-block-column-is-layout-flow\">\n<figure class=\"wp-block-image size-large\"><img loading=\"lazy\" decoding=\"async\" width=\"1024\" height=\"1024\" src=\"http:\/\/lacooperativechoregraphique.org\/wp-content\/uploads\/2024\/05\/RS-OK-2-1024x1024.jpg\" alt=\"\" class=\"wp-image-6454\" srcset=\"https:\/\/lacooperativechoregraphique.org\/wp-content\/uploads\/2024\/05\/RS-OK-2-1024x1024.jpg 1024w, https:\/\/lacooperativechoregraphique.org\/wp-content\/uploads\/2024\/05\/RS-OK-2-300x300.jpg 300w, https:\/\/lacooperativechoregraphique.org\/wp-content\/uploads\/2024\/05\/RS-OK-2-150x150.jpg 150w, https:\/\/lacooperativechoregraphique.org\/wp-content\/uploads\/2024\/05\/RS-OK-2-768x768.jpg 768w, https:\/\/lacooperativechoregraphique.org\/wp-content\/uploads\/2024\/05\/RS-OK-2-480x480.jpg 480w, https:\/\/lacooperativechoregraphique.org\/wp-content\/uploads\/2024\/05\/RS-OK-2-500x500.jpg 500w, https:\/\/lacooperativechoregraphique.org\/wp-content\/uploads\/2024\/05\/RS-OK-2-1536x1536.jpg 1536w, https:\/\/lacooperativechoregraphique.org\/wp-content\/uploads\/2024\/05\/RS-OK-2-2048x2048.jpg 2048w, https:\/\/lacooperativechoregraphique.org\/wp-content\/uploads\/2024\/05\/RS-OK-2-1568x1568.jpg 1568w\" sizes=\"auto, (max-width: 1024px) 100vw, 1024px\" \/><\/figure>\n<\/div>\n\n\n\n<div class=\"wp-block-column is-layout-flow wp-block-column-is-layout-flow\">\n<p style=\"font-size:14px\">Conception et dramaturgie : Alexandre Le Petit<br>Avec : Flora Pilet, Lara Gouix, Marie-Ananda Gilavert, Florent Martin, P\u00e9rig Villerbu, Lor\u00e8ne Pl\u00e9, Thierry Lagadu, Christophe Bisson, Damiano Fo\u00e0, Fabienne Mulot, Nicolas Desert, Valentin Honor\u00e9, Genevi\u00e8ve Achille, Jeanne De La Porte, Ambre Orfao, Fran\u00e7ois Granade, Dominique Achille, Ma\u00ef Ishiwata, Enzo Gambini, Anne-Flore Grandsire, No\u00e9lie Pl\u00e9 (\u2026)<br><br>Production : NOESIS<br>Coproduction : Festival Normandie impressionniste, Chor\u00e8ge \u2013 Centre de D\u00e9veloppement Chor\u00e9graphique National de Falaise.<br>Accueil : La Coop\u00e9rative Chor\u00e9graphique<br><strong><a href=\"https:\/\/cie-noesis.org\/v2\/\">cie-noesis.org<\/a><\/strong><\/p>\n<\/div>\n<\/div>\n\n\n\n<div class=\"wp-block-buttons alignwide is-content-justification-center is-layout-flex wp-container-core-buttons-is-layout-16018d1d wp-block-buttons-is-layout-flex\">\n<div class=\"wp-block-button has-custom-width wp-block-button__width-100\"><a class=\"wp-block-button__link has-background has-text-align-center wp-element-button\" style=\"border-radius:0px;background-color:#b22929;padding-top:0;padding-right:0;padding-bottom:0;padding-left:0\"><strong>COMPLET<\/strong><\/a><\/div>\n<\/div>\n\n\n\n<iframe id=\"haWidget\" allowtransparency=\"true\" scrolling=\"auto\" src=\"https:\/\/www.helloasso.com\/associations\/la-cooperative-choregraphique\/evenements\/asylum-toucher-l-instant\/widget\" style=\"width: 100%; height: 750px; border: none;\"><\/iframe>\n","protected":false},"excerpt":{"rendered":"<p>Cie NOESISASYLUM &#8211; TOUCHER L\u2019INSTANT 31 MAI &amp; 1\u1d49\u02b3 JUIN 2024 \u2013 21h00Installation &#8211; performance &#8211; diner Nous vivons dans un monde dans lequel tout change \u00e0 une vitesse vertigineuse. Les technologies, les modes de vie, les valeurs, les besoins, les d\u00e9sirs\u2026 Tout est en perp\u00e9tuelle mutation, et nous devons nous adapter sans cesse \u00e0&hellip; <a class=\"more-link\" href=\"https:\/\/lacooperativechoregraphique.org\/index.php\/asylum-archive-toucher-linstant\/\">Poursuivre la lecture <span class=\"screen-reader-text\">asylum &#8211; archive toucher l&rsquo;instant<\/span><\/a><\/p>\n","protected":false},"author":1,"featured_media":0,"parent":0,"menu_order":0,"comment_status":"closed","ping_status":"closed","template":"","meta":{"footnotes":""},"class_list":["post-6997","page","type-page","status-publish","hentry","entry"],"_links":{"self":[{"href":"https:\/\/lacooperativechoregraphique.org\/index.php\/wp-json\/wp\/v2\/pages\/6997","targetHints":{"allow":["GET"]}}],"collection":[{"href":"https:\/\/lacooperativechoregraphique.org\/index.php\/wp-json\/wp\/v2\/pages"}],"about":[{"href":"https:\/\/lacooperativechoregraphique.org\/index.php\/wp-json\/wp\/v2\/types\/page"}],"author":[{"embeddable":true,"href":"https:\/\/lacooperativechoregraphique.org\/index.php\/wp-json\/wp\/v2\/users\/1"}],"replies":[{"embeddable":true,"href":"https:\/\/lacooperativechoregraphique.org\/index.php\/wp-json\/wp\/v2\/comments?post=6997"}],"version-history":[{"count":1,"href":"https:\/\/lacooperativechoregraphique.org\/index.php\/wp-json\/wp\/v2\/pages\/6997\/revisions"}],"predecessor-version":[{"id":6998,"href":"https:\/\/lacooperativechoregraphique.org\/index.php\/wp-json\/wp\/v2\/pages\/6997\/revisions\/6998"}],"wp:attachment":[{"href":"https:\/\/lacooperativechoregraphique.org\/index.php\/wp-json\/wp\/v2\/media?parent=6997"}],"curies":[{"name":"wp","href":"https:\/\/api.w.org\/{rel}","templated":true}]}}

<div class="wp-block-columns alignwide is-layout-flex wp-container-core-columns-is-layout-9d6595d7 wp-block-columns-is-layout-flex">
<div class="wp-block-column is-layout-flow wp-block-column-is-layout-flow">
<p>Cie NOESIS<br><strong>ASYLUM &#8211; TOUCHER L’INSTANT</strong></p>
</div>



<div class="wp-block-column is-layout-flow wp-block-column-is-layout-flow">
<figure class="wp-block-image size-large"><img loading="lazy" decoding="async" width="1024" height="163" src="http://lacooperativechoregraphique.org/wp-content/uploads/2024/04/NI_fanion_compact-1024x163.png" alt="" class="wp-image-6388" srcset="https://lacooperativechoregraphique.org/wp-content/uploads/2024/04/NI_fanion_compact-1024x163.png 1024w, https://lacooperativechoregraphique.org/wp-content/uploads/2024/04/NI_fanion_compact-300x48.png 300w, https://lacooperativechoregraphique.org/wp-content/uploads/2024/04/NI_fanion_compact-768x122.png 768w, https://lacooperativechoregraphique.org/wp-content/uploads/2024/04/NI_fanion_compact-640x102.png 640w, https://lacooperativechoregraphique.org/wp-content/uploads/2024/04/NI_fanion_compact-948x151.png 948w, https://lacooperativechoregraphique.org/wp-content/uploads/2024/04/NI_fanion_compact-1536x244.png 1536w, https://lacooperativechoregraphique.org/wp-content/uploads/2024/04/NI_fanion_compact-2048x325.png 2048w, https://lacooperativechoregraphique.org/wp-content/uploads/2024/04/NI_fanion_compact-1568x249.png 1568w" sizes="auto, (max-width: 1024px) 100vw, 1024px" /></figure>
</div>



<div class="wp-block-column is-layout-flow wp-block-column-is-layout-flow">
<p><strong>31 MAI &amp; 1ᵉʳ JUIN 2024 – 21h00</strong><br>Installation &#8211; performance &#8211; diner<br></p>
</div>
</div>



<div class="wp-block-columns alignwide is-layout-flex wp-container-core-columns-is-layout-9d6595d7 wp-block-columns-is-layout-flex">
<div class="wp-block-column is-layout-flow wp-block-column-is-layout-flow">
<p style="padding-top:0;padding-right:0;padding-bottom:0;padding-left:0;font-size:14px">Nous vivons dans un monde dans lequel tout change à une vitesse vertigineuse. Les technologies, les modes de vie, les valeurs, les besoins, les désirs… Tout est en perpétuelle mutation, et nous devons nous adapter sans cesse à ces transformations. Nous sommes soumis à une disruption permanente, qui nous oblige à remettre en question nos repères, nos habitudes, nos certitudes. Comment ne pas devenir fou dans ce contexte ?<br><br>Le paysage arborescent de cette création immersive vous propose de traverser une expérience élargie de la pratique chorégraphique, qui prend à bras-le-corps les questions de l’espoir, du commun, de la joie, et d’expérimenter différentes formes de l’asile, du kiff et du repos, au moins pour un instant.<br></p>
</div>



<div class="wp-block-column is-layout-flow wp-block-column-is-layout-flow">
<figure class="wp-block-image size-large"><img loading="lazy" decoding="async" width="1024" height="1024" src="http://lacooperativechoregraphique.org/wp-content/uploads/2024/05/RS-OK-2-1024x1024.jpg" alt="" class="wp-image-6454" srcset="https://lacooperativechoregraphique.org/wp-content/uploads/2024/05/RS-OK-2-1024x1024.jpg 1024w, https://lacooperativechoregraphique.org/wp-content/uploads/2024/05/RS-OK-2-300x300.jpg 300w, https://lacooperativechoregraphique.org/wp-content/uploads/2024/05/RS-OK-2-150x150.jpg 150w, https://lacooperativechoregraphique.org/wp-content/uploads/2024/05/RS-OK-2-768x768.jpg 768w, https://lacooperativechoregraphique.org/wp-content/uploads/2024/05/RS-OK-2-480x480.jpg 480w, https://lacooperativechoregraphique.org/wp-content/uploads/2024/05/RS-OK-2-500x500.jpg 500w, https://lacooperativechoregraphique.org/wp-content/uploads/2024/05/RS-OK-2-1536x1536.jpg 1536w, https://lacooperativechoregraphique.org/wp-content/uploads/2024/05/RS-OK-2-2048x2048.jpg 2048w, https://lacooperativechoregraphique.org/wp-content/uploads/2024/05/RS-OK-2-1568x1568.jpg 1568w" sizes="auto, (max-width: 1024px) 100vw, 1024px" /></figure>
</div>



<div class="wp-block-column is-layout-flow wp-block-column-is-layout-flow">
<p style="font-size:14px">Conception et dramaturgie : Alexandre Le Petit<br>Avec : Flora Pilet, Lara Gouix, Marie-Ananda Gilavert, Florent Martin, Périg Villerbu, Lorène Plé, Thierry Lagadu, Christophe Bisson, Damiano Foà, Fabienne Mulot, Nicolas Desert, Valentin Honoré, Geneviève Achille, Jeanne De La Porte, Ambre Orfao, François Granade, Dominique Achille, Maï Ishiwata, Enzo Gambini, Anne-Flore Grandsire, Noélie Plé (…)<br><br>Production : NOESIS<br>Coproduction : Festival Normandie impressionniste, Chorège – Centre de Développement Chorégraphique National de Falaise.<br>Accueil : La Coopérative Chorégraphique<br><strong><a href="https://cie-noesis.org/v2/">cie-noesis.org</a></strong></p>
</div>
</div>



<div class="wp-block-buttons alignwide is-content-justification-center is-layout-flex wp-container-core-buttons-is-layout-16018d1d wp-block-buttons-is-layout-flex">
<div class="wp-block-button has-custom-width wp-block-button__width-100"><a class="wp-block-button__link has-background has-text-align-center wp-element-button" style="border-radius:0px;background-color:#b22929;padding-top:0;padding-right:0;padding-bottom:0;padding-left:0"><strong>COMPLET</strong></a></div>
</div>



<iframe id="haWidget" allowtransparency="true" scrolling="auto" src="https://www.helloasso.com/associations/la-cooperative-choregraphique/evenements/asylum-toucher-l-instant/widget" style="width: 100%; height: 750px; border: none;"></iframe>

<p>Cie NOESISASYLUM &#8211; TOUCHER L’INSTANT 31 MAI &amp; 1ᵉʳ JUIN 2024 – 21h00Installation &#8211; performance &#8211; diner Nous vivons dans un monde dans lequel tout change à une vitesse vertigineuse. Les technologies, les modes de vie, les valeurs, les besoins, les désirs… Tout est en perpétuelle mutation, et nous devons nous adapter sans cesse à&hellip; <a class="more-link" href="https://lacooperativechoregraphique.org/index.php/asylum-archive-toucher-linstant/">Poursuivre la lecture <span class="screen-reader-text">asylum &#8211; archive toucher l&rsquo;instant</span></a></p>
