{"id":6798,"date":"2025-01-05T02:12:40","date_gmt":"2025-01-05T01:12:40","guid":{"rendered":"https:\/\/lacooperativechoregraphique.org\/?page_id=6798"},"modified":"2025-02-10T21:09:57","modified_gmt":"2025-02-10T20:09:57","slug":"archipel-2020-23","status":"publish","type":"page","link":"https:\/\/lacooperativechoregraphique.org\/index.php\/archipel-2020-23\/","title":{"rendered":"ARCHIPEL 2020-23"},"content":{"rendered":"\n<p class=\"has-black-background-color has-background\"><a href=\"https:\/\/labo-archipel.org\">https:\/\/labo-archipel.org<\/a><\/p>\n\n\n\n<h4 class=\"wp-block-heading\">FAIRE ARCHIPEL<\/h4>\n\n\n\n<p class=\"has-extra-small-font-size\"><strong>En 2020, face \u00e0 la fragilisation du monde culturel dans le contexte sanitaire du Covid-19, six structures culturelles se rassemblent et imaginent ARCHIPEL avec la volont\u00e9 politique et artistique de proposer un espace d\u2019exp\u00e9rimentations \u00e0 m\u00eame la ville pour questionner ensemble les r\u00e9alit\u00e9s mouvantes du travail cr\u00e9ateur.<\/strong><\/p>\n\n\n\n<p class=\"has-extra-small-font-size\">\u00c0 l\u2019invitation du centre chor\u00e9graphique national de Caen en Normandie, Territoires pionniers, Oblique\/s arts &amp; cultures num\u00e9riques en Normandie, PALMA, Neuvi\u00e8me Ruche \u2013 festival D\u00e9clic, et La Coop\u00e9rative Chor\u00e9graphique \u2013 festival Morpho, imaginent un dispositif hybride, invitant \u00e0 la rencontre, \u00e0 la recherche et \u00e0 la cr\u00e9ation.<\/p>\n\n\n\n<p class=\"has-extra-small-font-size\">En 2020, s\u2019ouvre ainsi un espace singulier d\u2019exp\u00e9rimentation propos\u00e9 \u00e0 des architectes et des artistes de diff\u00e9rentes disciplines telles que la danse, la musique \u00e9lectronique ou encore les arts visuels. Les deux premiers chapitres rassemblent une trentaine (2020-2021), puis une quinzaine (2021-2022) d\u2019artistes et architectes invit\u00e9s \u00e0 travailler dans quatre sites diff\u00e9rents \u00e0 Caen, Colombelles et Mondeville. Les nombreuses tentatives et exp\u00e9riences men\u00e9es donnent \u00e0 vivre la fertilit\u00e9 d\u2019une telle proposition.<\/p>\n\n\n\n<p class=\"has-extra-small-font-size\">En 2022 et 2023, le dernier chapitre de cette aventure r\u00e9unit onze artistes et architectes, et cette fois, leur permanence artistique prend corps et place dans le quartier Saint-Jean Eudes \u00e0 Caen. L\u00e0, des rencontres avec les habitant.e.s et des actions collectives in situ donnent lieu \u00e0 des croisements in\u00e9dits et contribuent \u00e0 enrichir encore autrement les explorations cr\u00e9atives en cours.<\/p>\n\n\n\n<p class=\"has-extra-small-font-size\">Diffus\u00e9 le samedi 10 juin 2023 \u00e0 l\u2019occasion d\u2019une derni\u00e8re journ\u00e9e festive, un livret a \u00e9t\u00e9 cr\u00e9\u00e9 avec les habitants et les habitantes, qui rassemble les traces de ces moments partag\u00e9s, de ces mondes explor\u00e9s ensemble, et t\u00e9moigne de cette incroyable aventure humaine, cr\u00e9atrice de liens !<\/p>\n\n\n\n<p><\/p>\n","protected":false},"excerpt":{"rendered":"<p>https:\/\/labo-archipel.org FAIRE ARCHIPEL En 2020, face \u00e0 la fragilisation du monde culturel dans le contexte sanitaire du Covid-19, six structures culturelles se rassemblent et imaginent ARCHIPEL avec la volont\u00e9 politique et artistique de proposer un espace d\u2019exp\u00e9rimentations \u00e0 m\u00eame la ville pour questionner ensemble les r\u00e9alit\u00e9s mouvantes du travail cr\u00e9ateur. \u00c0 l\u2019invitation du centre chor\u00e9graphique&hellip; <a class=\"more-link\" href=\"https:\/\/lacooperativechoregraphique.org\/index.php\/archipel-2020-23\/\">Poursuivre la lecture <span class=\"screen-reader-text\">ARCHIPEL 2020-23<\/span><\/a><\/p>\n","protected":false},"author":1,"featured_media":0,"parent":0,"menu_order":0,"comment_status":"closed","ping_status":"closed","template":"","meta":{"footnotes":""},"class_list":["post-6798","page","type-page","status-publish","hentry","entry"],"_links":{"self":[{"href":"https:\/\/lacooperativechoregraphique.org\/index.php\/wp-json\/wp\/v2\/pages\/6798","targetHints":{"allow":["GET"]}}],"collection":[{"href":"https:\/\/lacooperativechoregraphique.org\/index.php\/wp-json\/wp\/v2\/pages"}],"about":[{"href":"https:\/\/lacooperativechoregraphique.org\/index.php\/wp-json\/wp\/v2\/types\/page"}],"author":[{"embeddable":true,"href":"https:\/\/lacooperativechoregraphique.org\/index.php\/wp-json\/wp\/v2\/users\/1"}],"replies":[{"embeddable":true,"href":"https:\/\/lacooperativechoregraphique.org\/index.php\/wp-json\/wp\/v2\/comments?post=6798"}],"version-history":[{"count":3,"href":"https:\/\/lacooperativechoregraphique.org\/index.php\/wp-json\/wp\/v2\/pages\/6798\/revisions"}],"predecessor-version":[{"id":6866,"href":"https:\/\/lacooperativechoregraphique.org\/index.php\/wp-json\/wp\/v2\/pages\/6798\/revisions\/6866"}],"wp:attachment":[{"href":"https:\/\/lacooperativechoregraphique.org\/index.php\/wp-json\/wp\/v2\/media?parent=6798"}],"curies":[{"name":"wp","href":"https:\/\/api.w.org\/{rel}","templated":true}]}}