{"id":5967,"date":"2022-10-25T14:57:15","date_gmt":"2022-10-25T12:57:15","guid":{"rendered":"https:\/\/lacooperativechoregraphique.org\/?page_id=5967"},"modified":"2023-07-08T18:13:49","modified_gmt":"2023-07-08T16:13:49","slug":"les-samedis-curieux","status":"publish","type":"page","link":"https:\/\/lacooperativechoregraphique.org\/index.php\/les-samedis-curieux\/","title":{"rendered":"Les Samedis Curieux"},"content":{"rendered":"\n<figure class=\"wp-block-image size-large\"><img loading=\"lazy\" decoding=\"async\" width=\"1024\" height=\"683\" src=\"http:\/\/lacooperativechoregraphique.org\/wp-content\/uploads\/2022\/10\/seb-hapening-21-1024x683.jpg\" alt=\"\" class=\"wp-image-5968\" srcset=\"https:\/\/lacooperativechoregraphique.org\/wp-content\/uploads\/2022\/10\/seb-hapening-21-1024x683.jpg 1024w, https:\/\/lacooperativechoregraphique.org\/wp-content\/uploads\/2022\/10\/seb-hapening-21-300x200.jpg 300w, https:\/\/lacooperativechoregraphique.org\/wp-content\/uploads\/2022\/10\/seb-hapening-21-768x512.jpg 768w, https:\/\/lacooperativechoregraphique.org\/wp-content\/uploads\/2022\/10\/seb-hapening-21-640x426.jpg 640w, https:\/\/lacooperativechoregraphique.org\/wp-content\/uploads\/2022\/10\/seb-hapening-21-750x500.jpg 750w, https:\/\/lacooperativechoregraphique.org\/wp-content\/uploads\/2022\/10\/seb-hapening-21-555x369.jpg 555w, https:\/\/lacooperativechoregraphique.org\/wp-content\/uploads\/2022\/10\/seb-hapening-21-1536x1024.jpg 1536w, https:\/\/lacooperativechoregraphique.org\/wp-content\/uploads\/2022\/10\/seb-hapening-21-2048x1365.jpg 2048w, https:\/\/lacooperativechoregraphique.org\/wp-content\/uploads\/2022\/10\/seb-hapening-21-1568x1045.jpg 1568w\" sizes=\"auto, (max-width: 1024px) 100vw, 1024px\" \/><\/figure>\n\n\n\n<h5 class=\"wp-block-heading\">Les samedis curieux sont des stages de 4h ouverts \u00e0 toutes les personnes qui sont int\u00e9ress\u00e9s par un travail du corps dans un esprit de recherche et d\u00e9couverte.<\/h5>\n\n\n\n<p class=\"has-extra-small-font-size\">Ouvert \u00e0 tous et toutes avec un minimum d\u2019exp\u00e9rience.<\/p>\n\n\n\n<p class=\"has-extra-small-font-size\">Les stages seront donn\u00e9s en alternance par les chor\u00e9graphes de la coop\u00e9rative chor\u00e9graphique et des invit\u00e9s surprises.<\/p>\n\n\n\n<p class=\"has-extra-small-font-size\">Les th\u00e9matiques et les intervenant.e.s ne sont pas annonc\u00e9es \u00e0 l&rsquo;avance, si vous \u00eates curieux vous verrez !<\/p>\n\n\n\n<p class=\"has-extra-small-font-size\"><\/p>\n\n\n\n<p class=\"has-extra-small-font-size\"><strong>DATES<\/strong><\/p>\n\n\n\n<p class=\"has-extra-small-font-size\">26 novembre  \/ 14 janvier \/  25 f\u00e9vrier \/ 18 mars \/ 15 avril \/ 27 mai \/ 8 juillet<\/p>\n\n\n\n<p class=\"has-extra-small-font-size\"><strong>HORAIRES<\/strong><\/p>\n\n\n\n<p class=\"has-extra-small-font-size\">De 14h \u00e0 18h&nbsp;<\/p>\n\n\n\n<p class=\"has-extra-small-font-size\"><strong>TARIFS<\/strong><\/p>\n\n\n\n<p class=\"has-extra-small-font-size\">30\u20ac plein tarif \/ 15\u20ac tarif r\u00e9duit <\/p>\n\n\n\n<p class=\"has-extra-small-font-size\">+ 10\u20ac adh\u00e9sion \u00e0 la coop\u00e9rative chor\u00e9graphique <\/p>\n\n\n\n<p class=\"has-extra-small-font-size\"><strong>Inscriptions<\/strong><\/p>\n\n\n\n<p><a href=\"https:\/\/www.helloasso.com\/associations\/la-cooperative-choregraphique\/evenements\/les-samedis-curieux-1?_ga=2.44718436.1773509779.1680357394-1908697884.1678976067&amp;_gl=1%2an5l394%2a_ga%2aMTkwODY5Nzg4NC4xNjc4OTc2MDY3%2a_ga_TKC826G3G2%2aMTY4MDM1NzM5OS4xLjEuMTY4MDM1OTUzNS4wLjAuMA..\">https:\/\/www.helloasso.com\/associations\/la-cooperative-choregraphique\/eveneents\/les-samedis-curieux<\/a><\/p>\n\n\n\n<p><strong>Informations<\/strong><\/p>\n\n\n\n<p>contact@lacooperativechoregraphique.org<\/p>\n","protected":false},"excerpt":{"rendered":"<p>Les samedis curieux sont des stages de 4h ouverts \u00e0 toutes les personnes qui sont int\u00e9ress\u00e9s par un travail du corps dans un esprit de recherche et d\u00e9couverte. Ouvert \u00e0 tous et toutes avec un minimum d\u2019exp\u00e9rience. Les stages seront donn\u00e9s en alternance par les chor\u00e9graphes de la coop\u00e9rative chor\u00e9graphique et des invit\u00e9s surprises. Les&hellip; <a class=\"more-link\" href=\"https:\/\/lacooperativechoregraphique.org\/index.php\/les-samedis-curieux\/\">Poursuivre la lecture <span class=\"screen-reader-text\">Les Samedis Curieux<\/span><\/a><\/p>\n","protected":false},"author":1,"featured_media":0,"parent":0,"menu_order":0,"comment_status":"closed","ping_status":"closed","template":"","meta":{"footnotes":""},"class_list":["post-5967","page","type-page","status-publish","hentry","entry"],"_links":{"self":[{"href":"https:\/\/lacooperativechoregraphique.org\/index.php\/wp-json\/wp\/v2\/pages\/5967","targetHints":{"allow":["GET"]}}],"collection":[{"href":"https:\/\/lacooperativechoregraphique.org\/index.php\/wp-json\/wp\/v2\/pages"}],"about":[{"href":"https:\/\/lacooperativechoregraphique.org\/index.php\/wp-json\/wp\/v2\/types\/page"}],"author":[{"embeddable":true,"href":"https:\/\/lacooperativechoregraphique.org\/index.php\/wp-json\/wp\/v2\/users\/1"}],"replies":[{"embeddable":true,"href":"https:\/\/lacooperativechoregraphique.org\/index.php\/wp-json\/wp\/v2\/comments?post=5967"}],"version-history":[{"count":7,"href":"https:\/\/lacooperativechoregraphique.org\/index.php\/wp-json\/wp\/v2\/pages\/5967\/revisions"}],"predecessor-version":[{"id":6162,"href":"https:\/\/lacooperativechoregraphique.org\/index.php\/wp-json\/wp\/v2\/pages\/5967\/revisions\/6162"}],"wp:attachment":[{"href":"https:\/\/lacooperativechoregraphique.org\/index.php\/wp-json\/wp\/v2\/media?parent=5967"}],"curies":[{"name":"wp","href":"https:\/\/api.w.org\/{rel}","templated":true}]}}