{"id":5963,"date":"2022-10-25T14:39:09","date_gmt":"2022-10-25T12:39:09","guid":{"rendered":"https:\/\/lacooperativechoregraphique.org\/?page_id=5963"},"modified":"2026-09-05T19:52:10","modified_gmt":"2026-09-05T17:52:10","slug":"training-pro","status":"publish","type":"page","link":"https:\/\/lacooperativechoregraphique.org\/index.php\/training-pro\/","title":{"rendered":"C&rsquo;EST LUNDI !"},"content":{"rendered":"\n<p class=\"has-text-align-left wp-block-paragraph\" style=\"font-size:16px\">Pour cette nouvelle saison, nous vous donnons rendez-vous deux lundis par mois.<\/p>\n\n\n\n<p class=\"has-text-align-left wp-block-paragraph\" style=\"font-size:16px\">Chaque mois sera abord\u00e9 une th\u00e9matique qui sera explor\u00e9e en alternance avec les outils de l&rsquo;Analyse Fonctionnelle du Mouvement Dans\u00e9 avec Charlotte Josse et ceux des pratiques somatiques avec Flora Pilet.<\/p>\n\n\n\n<h3 class=\"wp-block-heading\">Calendrier<\/h3>\n\n\n\n<p class=\"wp-block-paragraph\" style=\"font-size:16px\">Septembre : 14 et 28<br>Octobre : 5 et 12 <br>Novembre : 9 et 16 <br>Mars : 8 et 22 <br>Avril : 5 et 12 <br>Mai : 17 et 24 <br>Juin : 7 et 21 <\/p>\n\n\n\n<p class=\"wp-block-paragraph\" style=\"font-size:16px\">Les ateliers sont ouverts \u00e0 toutes et tous, il n&rsquo;est pas n\u00e9cessaire d&rsquo;avoir une pratique avanc\u00e9e en danse, mais un app\u00e9tit pour le mouvement !<br><br>L&rsquo;adh\u00e9sion \u00e0 La Coop\u00e9rative Chor\u00e9graphique est obligatoire pour ces ateliers.<\/p>\n\n\n\n<div class=\"wp-block-buttons is-content-justification-center is-layout-flex wp-container-core-buttons-is-layout-fe48e5de wp-block-buttons-is-layout-flex\">\n<div class=\"wp-block-button\"><a class=\"wp-block-button__link has-text-align-center has-custom-font-size wp-element-button\" href=\"https:\/\/www.helloasso.com\/beta\/associations\/la-cooperative-choregraphique\/adhesions\/lcc-26-27\" style=\"font-size:16px\" target=\"_blank\" rel=\"noopener\">ADH\u00c9SION <\/a><\/div>\n\n\n\n<div class=\"wp-block-button\"><a class=\"wp-block-button__link has-text-align-center has-custom-font-size wp-element-button\" href=\"https:\/\/www.helloasso.com\/associations\/la-cooperative-choregraphique\/evenements\/c-est-lundi-26-27\" style=\"font-size:16px\" target=\"_blank\" rel=\"noopener\">TARIFS ATELIERS<\/a><\/div>\n<\/div>\n\n\n\n<p class=\"wp-block-paragraph\" style=\"font-size:16px\">Pour nous informer de votre pr\u00e9sence merci de remplir le calendrier, cela nous permet de savoir combien de personnes seront pr\u00e9sentes.<br>Nous maintenons l&rsquo;atelier \u00e0 partir de quatre personnes inscrites minimum.<\/p>\n\n\n\n<div class=\"wp-block-buttons is-layout-flex wp-block-buttons-is-layout-flex\">\n<div style=\"--wp--block-button--width: 100;\" class=\"wp-block-button is-style-outline has-custom-width wp-block-button__width wp-block-button__width-100 is-style-outline--1\"><a class=\"wp-block-button__link has-custom-font-size wp-element-button\" href=\"https:\/\/beta.framadate.org\/polls\/0eefa9b9881215a7c0f1\" style=\"font-size:16px\" target=\"_blank\" rel=\"noopener\"><strong>S&rsquo;INSCRIRE SUR LE CALENDRIER<\/strong><\/a><\/div>\n<\/div>\n","protected":false},"excerpt":{"rendered":"<p>Pour cette nouvelle saison, nous vous donnons rendez-vous deux lundis par mois. Chaque mois sera abord\u00e9 une th\u00e9matique qui sera explor\u00e9e en alternance avec les outils de l&rsquo;Analyse Fonctionnelle du Mouvement Dans\u00e9 avec Charlotte Josse et ceux des pratiques somatiques avec Flora Pilet. Calendrier Septembre : 14 et 28Octobre : 5 et 12 Novembre :&hellip; <a class=\"more-link\" href=\"https:\/\/lacooperativechoregraphique.org\/index.php\/training-pro\/\">Poursuivre la lecture <span class=\"screen-reader-text\">C&rsquo;EST LUNDI !<\/span><\/a><\/p>\n","protected":false},"author":1,"featured_media":0,"parent":0,"menu_order":0,"comment_status":"closed","ping_status":"closed","template":"","meta":{"_editorskit_title_hidden":false,"_editorskit_reading_time":1,"_editorskit_is_block_options_detached":false,"_editorskit_block_options_position":"{}","footnotes":""},"class_list":["post-5963","page","type-page","status-publish","hentry","entry"],"_links":{"self":[{"href":"https:\/\/lacooperativechoregraphique.org\/index.php\/wp-json\/wp\/v2\/pages\/5963","targetHints":{"allow":["GET"]}}],"collection":[{"href":"https:\/\/lacooperativechoregraphique.org\/index.php\/wp-json\/wp\/v2\/pages"}],"about":[{"href":"https:\/\/lacooperativechoregraphique.org\/index.php\/wp-json\/wp\/v2\/types\/page"}],"author":[{"embeddable":true,"href":"https:\/\/lacooperativechoregraphique.org\/index.php\/wp-json\/wp\/v2\/users\/1"}],"replies":[{"embeddable":true,"href":"https:\/\/lacooperativechoregraphique.org\/index.php\/wp-json\/wp\/v2\/comments?post=5963"}],"version-history":[{"count":43,"href":"https:\/\/lacooperativechoregraphique.org\/index.php\/wp-json\/wp\/v2\/pages\/5963\/revisions"}],"predecessor-version":[{"id":7681,"href":"https:\/\/lacooperativechoregraphique.org\/index.php\/wp-json\/wp\/v2\/pages\/5963\/revisions\/7681"}],"wp:attachment":[{"href":"https:\/\/lacooperativechoregraphique.org\/index.php\/wp-json\/wp\/v2\/media?parent=5963"}],"curies":[{"name":"wp","href":"https:\/\/api.w.org\/{rel}","templated":true}]}}

<p class="has-text-align-left wp-block-paragraph" style="font-size:16px">Pour cette nouvelle saison, nous vous donnons rendez-vous deux lundis par mois.</p>



<p class="has-text-align-left wp-block-paragraph" style="font-size:16px">Chaque mois sera abordé une thématique qui sera explorée en alternance avec les outils de l&rsquo;Analyse Fonctionnelle du Mouvement Dansé avec Charlotte Josse et ceux des pratiques somatiques avec Flora Pilet.</p>



<h3 class="wp-block-heading">Calendrier</h3>



<p class="wp-block-paragraph" style="font-size:16px">Septembre : 14 et 28<br>Octobre : 5 et 12 <br>Novembre : 9 et 16 <br>Mars : 8 et 22 <br>Avril : 5 et 12 <br>Mai : 17 et 24 <br>Juin : 7 et 21 </p>



<p class="wp-block-paragraph" style="font-size:16px">Les ateliers sont ouverts à toutes et tous, il n&rsquo;est pas nécessaire d&rsquo;avoir une pratique avancée en danse, mais un appétit pour le mouvement !<br><br>L&rsquo;adhésion à La Coopérative Chorégraphique est obligatoire pour ces ateliers.</p>



<div class="wp-block-buttons is-content-justification-center is-layout-flex wp-container-core-buttons-is-layout-fe48e5de wp-block-buttons-is-layout-flex">
<div class="wp-block-button"><a class="wp-block-button__link has-text-align-center has-custom-font-size wp-element-button" href="https://www.helloasso.com/beta/associations/la-cooperative-choregraphique/adhesions/lcc-26-27" style="font-size:16px" target="_blank" rel="noopener">ADHÉSION </a></div>



<div class="wp-block-button"><a class="wp-block-button__link has-text-align-center has-custom-font-size wp-element-button" href="https://www.helloasso.com/associations/la-cooperative-choregraphique/evenements/c-est-lundi-26-27" style="font-size:16px" target="_blank" rel="noopener">TARIFS ATELIERS</a></div>
</div>



<p class="wp-block-paragraph" style="font-size:16px">Pour nous informer de votre présence merci de remplir le calendrier, cela nous permet de savoir combien de personnes seront présentes.<br>Nous maintenons l&rsquo;atelier à partir de quatre personnes inscrites minimum.</p>



<div class="wp-block-buttons is-layout-flex wp-block-buttons-is-layout-flex">
<div style="--wp--block-button--width: 100;" class="wp-block-button is-style-outline has-custom-width wp-block-button__width wp-block-button__width-100 is-style-outline--1"><a class="wp-block-button__link has-custom-font-size wp-element-button" href="https://beta.framadate.org/polls/0eefa9b9881215a7c0f1" style="font-size:16px" target="_blank" rel="noopener"><strong>S&rsquo;INSCRIRE SUR LE CALENDRIER</strong></a></div>
</div>

<p>Pour cette nouvelle saison, nous vous donnons rendez-vous deux lundis par mois. Chaque mois sera abordé une thématique qui sera explorée en alternance avec les outils de l&rsquo;Analyse Fonctionnelle du Mouvement Dansé avec Charlotte Josse et ceux des pratiques somatiques avec Flora Pilet. Calendrier Septembre : 14 et 28Octobre : 5 et 12 Novembre :&hellip; <a class="more-link" href="https://lacooperativechoregraphique.org/index.php/training-pro/">Poursuivre la lecture <span class="screen-reader-text">C&rsquo;EST LUNDI !</span></a></p>
