{"id":5460,"date":"2021-11-05T17:06:10","date_gmt":"2021-11-05T16:06:10","guid":{"rendered":"https:\/\/lacooperativechoregraphique.org\/?page_id=5460"},"modified":"2022-10-31T17:52:31","modified_gmt":"2022-10-31T16:52:31","slug":"residences-2022","status":"publish","type":"page","link":"https:\/\/lacooperativechoregraphique.org\/index.php\/residences-2022\/","title":{"rendered":"Saison 2021-22"},"content":{"rendered":"\n<p><strong>SEPTEMBRE<\/strong><\/p>\n\n\n\n<p class=\"has-extra-small-font-size\"><strong>Festival MORPHO : <\/strong><br>Noesis, Silenda, Kashyl, L&rsquo;Averse, Lara Gouix &amp; Agatha Jarosova, Pierre-Emmanuel Sorignet, Charlotte Rousseau, La Presque Cie, Essor, Vocal Illimited.<\/p>\n\n\n\n<p><strong>OCTOBRE<\/strong><\/p>\n\n\n\n<p class=\"has-extra-small-font-size\">Cie Moi Peau<br>Cie Noesis<br>Cie Silenda<\/p>\n\n\n\n<p><strong>NOVEMBRE<\/strong><\/p>\n\n\n\n<p class=\"has-extra-small-font-size\"><strong>4:4:1<\/strong> &#8211; en partenariat avec Chor\u00e8ge, Centre de D\u00e9veloppement Chor\u00e9graphique National (Falaise) et Trauma Bar und Kino (Berlin).<br><br>Avec Flora Pilet, Sebastian Abarbanell, Steven Fast, Charlotte Rousseau. <\/p>\n\n\n\n<p><strong>D\u00c9CEMBRE<\/strong><\/p>\n\n\n\n<p class=\"has-extra-small-font-size\">Cie Kashyl<\/p>\n\n\n\n<p><strong>JANVIER<\/strong><\/p>\n\n\n\n<p class=\"has-extra-small-font-size\">Cie Noesis<\/p>\n\n\n\n<p><strong>F\u00c9VRIER<\/strong><\/p>\n\n\n\n<p class=\"has-extra-small-font-size\">Cie Atmen<br>Cie Lueur<br>Cie Noesis<\/p>\n\n\n\n<p><strong>MARS<\/strong><\/p>\n\n\n\n<p class=\"has-extra-small-font-size\">Cie Noesis<br>Cie Louve<\/p>\n\n\n\n<p><strong>AVRIL<\/strong><\/p>\n\n\n\n<p class=\"has-extra-small-font-size\">Cie Noesis<br>Cie Kashyl<br>Collectif Nokt<br>Association Abyme<\/p>\n\n\n\n<p><strong>MAI<\/strong><\/p>\n\n\n\n<p class=\"has-extra-small-font-size\">Association Station Mir<br>Collectif Man\u0153uvre<br><strong>Festival INTERSTICE<\/strong><br>Cie La Ronde<\/p>\n\n\n\n<p><strong>JUIN<\/strong><\/p>\n\n\n\n<p class=\"has-extra-small-font-size\">Cie Silenda<br>Cie Tous Croient Toujours<br>D&rsquo;\u00c2me Racine<br>Cie Kashyl<\/p>\n\n\n\n<p><strong>JUILLET<\/strong><\/p>\n\n\n\n<p class=\"has-extra-small-font-size\">Cie Noesis<br>Pierre Troel<\/p>\n\n\n\n<p><strong>AOUT<\/strong><\/p>\n\n\n\n<p class=\"has-extra-small-font-size\">Cie Noesis<br>Nicolas Maloufi<\/p>\n\n\n\n<p><\/p>\n","protected":false},"excerpt":{"rendered":"<p>SEPTEMBRE Festival MORPHO : Noesis, Silenda, Kashyl, L&rsquo;Averse, Lara Gouix &amp; Agatha Jarosova, Pierre-Emmanuel Sorignet, Charlotte Rousseau, La Presque Cie, Essor, Vocal Illimited. OCTOBRE Cie Moi PeauCie NoesisCie Silenda NOVEMBRE 4:4:1 &#8211; en partenariat avec Chor\u00e8ge, Centre de D\u00e9veloppement Chor\u00e9graphique National (Falaise) et Trauma Bar und Kino (Berlin). Avec Flora Pilet, Sebastian Abarbanell, Steven Fast,&hellip; <a class=\"more-link\" href=\"https:\/\/lacooperativechoregraphique.org\/index.php\/residences-2022\/\">Poursuivre la lecture <span class=\"screen-reader-text\">Saison 2021-22<\/span><\/a><\/p>\n","protected":false},"author":1,"featured_media":0,"parent":0,"menu_order":0,"comment_status":"closed","ping_status":"closed","template":"","meta":{"footnotes":""},"class_list":["post-5460","page","type-page","status-publish","hentry","entry"],"_links":{"self":[{"href":"https:\/\/lacooperativechoregraphique.org\/index.php\/wp-json\/wp\/v2\/pages\/5460","targetHints":{"allow":["GET"]}}],"collection":[{"href":"https:\/\/lacooperativechoregraphique.org\/index.php\/wp-json\/wp\/v2\/pages"}],"about":[{"href":"https:\/\/lacooperativechoregraphique.org\/index.php\/wp-json\/wp\/v2\/types\/page"}],"author":[{"embeddable":true,"href":"https:\/\/lacooperativechoregraphique.org\/index.php\/wp-json\/wp\/v2\/users\/1"}],"replies":[{"embeddable":true,"href":"https:\/\/lacooperativechoregraphique.org\/index.php\/wp-json\/wp\/v2\/comments?post=5460"}],"version-history":[{"count":10,"href":"https:\/\/lacooperativechoregraphique.org\/index.php\/wp-json\/wp\/v2\/pages\/5460\/revisions"}],"predecessor-version":[{"id":6005,"href":"https:\/\/lacooperativechoregraphique.org\/index.php\/wp-json\/wp\/v2\/pages\/5460\/revisions\/6005"}],"wp:attachment":[{"href":"https:\/\/lacooperativechoregraphique.org\/index.php\/wp-json\/wp\/v2\/media?parent=5460"}],"curies":[{"name":"wp","href":"https:\/\/api.w.org\/{rel}","templated":true}]}}

<p><strong>SEPTEMBRE</strong></p>



<p class="has-extra-small-font-size"><strong>Festival MORPHO : </strong><br>Noesis, Silenda, Kashyl, L&rsquo;Averse, Lara Gouix &amp; Agatha Jarosova, Pierre-Emmanuel Sorignet, Charlotte Rousseau, La Presque Cie, Essor, Vocal Illimited.</p>



<p><strong>OCTOBRE</strong></p>



<p class="has-extra-small-font-size">Cie Moi Peau<br>Cie Noesis<br>Cie Silenda</p>



<p><strong>NOVEMBRE</strong></p>



<p class="has-extra-small-font-size"><strong>4:4:1</strong> &#8211; en partenariat avec Chorège, Centre de Développement Chorégraphique National (Falaise) et Trauma Bar und Kino (Berlin).<br><br>Avec Flora Pilet, Sebastian Abarbanell, Steven Fast, Charlotte Rousseau. </p>



<p><strong>DÉCEMBRE</strong></p>



<p class="has-extra-small-font-size">Cie Kashyl</p>



<p><strong>JANVIER</strong></p>



<p class="has-extra-small-font-size">Cie Noesis</p>



<p><strong>FÉVRIER</strong></p>



<p class="has-extra-small-font-size">Cie Atmen<br>Cie Lueur<br>Cie Noesis</p>



<p><strong>MARS</strong></p>



<p class="has-extra-small-font-size">Cie Noesis<br>Cie Louve</p>



<p><strong>AVRIL</strong></p>



<p class="has-extra-small-font-size">Cie Noesis<br>Cie Kashyl<br>Collectif Nokt<br>Association Abyme</p>



<p><strong>MAI</strong></p>



<p class="has-extra-small-font-size">Association Station Mir<br>Collectif Manœuvre<br><strong>Festival INTERSTICE</strong><br>Cie La Ronde</p>



<p><strong>JUIN</strong></p>



<p class="has-extra-small-font-size">Cie Silenda<br>Cie Tous Croient Toujours<br>D&rsquo;Âme Racine<br>Cie Kashyl</p>



<p><strong>JUILLET</strong></p>



<p class="has-extra-small-font-size">Cie Noesis<br>Pierre Troel</p>



<p><strong>AOUT</strong></p>



<p class="has-extra-small-font-size">Cie Noesis<br>Nicolas Maloufi</p>



<p></p>

<p>SEPTEMBRE Festival MORPHO : Noesis, Silenda, Kashyl, L&rsquo;Averse, Lara Gouix &amp; Agatha Jarosova, Pierre-Emmanuel Sorignet, Charlotte Rousseau, La Presque Cie, Essor, Vocal Illimited. OCTOBRE Cie Moi PeauCie NoesisCie Silenda NOVEMBRE 4:4:1 &#8211; en partenariat avec Chorège, Centre de Développement Chorégraphique National (Falaise) et Trauma Bar und Kino (Berlin). Avec Flora Pilet, Sebastian Abarbanell, Steven Fast,&hellip; <a class="more-link" href="https://lacooperativechoregraphique.org/index.php/residences-2022/">Poursuivre la lecture <span class="screen-reader-text">Saison 2021-22</span></a></p>
