{"id":5005,"date":"2020-09-24T15:39:46","date_gmt":"2020-09-24T13:39:46","guid":{"rendered":"http:\/\/lacooperativechoregraphique.org\/?page_id=5005"},"modified":"2026-04-01T19:04:00","modified_gmt":"2026-04-01T17:04:00","slug":"ateliers-choregraphiques","status":"publish","type":"page","link":"https:\/\/lacooperativechoregraphique.org\/index.php\/ateliers-choregraphiques\/","title":{"rendered":"Ateliers du mercredi"},"content":{"rendered":"\n<figure class=\"wp-block-image size-large\"><img loading=\"lazy\" decoding=\"async\" width=\"1024\" height=\"681\" src=\"http:\/\/lacooperativechoregraphique.org\/wp-content\/uploads\/2023\/08\/CAQNTb-98-small-1024x681.png\" alt=\"\" class=\"wp-image-6227\" srcset=\"https:\/\/lacooperativechoregraphique.org\/wp-content\/uploads\/2023\/08\/CAQNTb-98-small-1024x681.png 1024w, https:\/\/lacooperativechoregraphique.org\/wp-content\/uploads\/2023\/08\/CAQNTb-98-small-300x200.png 300w, https:\/\/lacooperativechoregraphique.org\/wp-content\/uploads\/2023\/08\/CAQNTb-98-small-768x511.png 768w, https:\/\/lacooperativechoregraphique.org\/wp-content\/uploads\/2023\/08\/CAQNTb-98-small-640x426.png 640w, https:\/\/lacooperativechoregraphique.org\/wp-content\/uploads\/2023\/08\/CAQNTb-98-small-752x500.png 752w, https:\/\/lacooperativechoregraphique.org\/wp-content\/uploads\/2023\/08\/CAQNTb-98-small-172x113.png 172w, https:\/\/lacooperativechoregraphique.org\/wp-content\/uploads\/2023\/08\/CAQNTb-98-small-555x369.png 555w, https:\/\/lacooperativechoregraphique.org\/wp-content\/uploads\/2023\/08\/CAQNTb-98-small.png 1329w\" sizes=\"auto, (max-width: 1024px) 100vw, 1024px\" \/><\/figure>\n\n\n\n<p class=\"has-text-align-right\" style=\"font-size:10px;line-height:0\">Cr\u00e9dit photo : Virginie Meign\u00e9<\/p>\n\n\n\n<p class=\"has-extra-small-font-size\">La compagnie Eteile propose un atelier de danse le mercredi soir en partenariat avec La Coop\u00e9rative Chor\u00e9graphique.<\/p>\n\n\n\n<p class=\"has-extra-small-font-size\"><strong>\u00ab Prendre le temps d\u2019une danse \u00bb<br><\/strong>Cet atelier est propos\u00e9 comme un temps pour un soi.&nbsp;<br>Ce n\u2019est pas un cours de danse contemporaine \u00ab technique \u00bb mais un espace-temps o\u00f9 chacun vient avec son exp\u00e9rience du mouvement. <br>Vous n\u2019avez jamais fait de danse ? Venez ! <br>Vous avez d\u00e9j\u00e0 fait plusieurs ann\u00e9es de danse, venez d\u00e9couvrir une nouvelle mani\u00e8re de bouger !&nbsp;<\/p>\n\n\n\n<p class=\"has-extra-small-font-size\"><strong>EN&nbsp;PRATIQUE&nbsp;<br><\/strong>Les ateliers ont lieu le mercredi, de 19h00 \u00e0 20h30.<br>Vingt s\u00e9ances r\u00e9parties sur l\u2019ann\u00e9e (s\u00e9ance d\u00e9couverte comprise), en dehors des vacances scolaires.&nbsp;<\/p>\n\n\n\n<p class=\"has-extra-small-font-size\"><strong>INTERVENANTS<\/strong><br>Elsa Deslandes, Flora Pilet, Enzo Gambini et les artistes invit\u00e9s de La Coop\u00e9rative Chor\u00e9graphique en alternance sur l\u2019ensemble de l\u2019ann\u00e9e.&nbsp;<\/p>\n\n\n\n<p class=\"has-extra-small-font-size\"><strong>AGENDA 2025<\/strong><br>Septembre\u00a0: 17, 24<br>Octobre : 15<br>Novembre : 5, 19, 26<br>D\u00e9cembre : pas d&rsquo;ateliers<br><br><strong>AGENDA 2026<\/strong><br>Janvier : 14, 28<br>F\u00e9vrier : 4, 11<br>Mars : 4, 11, 18<br>Avril : 1, 8, 29<br>Mai : 13, 20, 27<br>Juin : 10, 24<\/p>\n\n\n\n<p class=\"has-extra-small-font-size\"><strong>INSCRIPTIONS ET TARIFS<\/strong><br><a href=\"https:\/\/www.helloasso.com\/associations\/compagnie-eteile\/evenements\/ateliers-choregraphiques-2024-2025\">https:\/\/www.helloasso.com\/associations\/compagnie-eteile\/evenements\/ateliers-choregraphiques-2024-2025<\/a><\/p>\n\n\n\n<p class=\"has-extra-small-font-size\"><strong>RENSEIGNEMENTS<br><\/strong>contact@cie-eteile.fr <br>06.67.82.58.37&nbsp;<\/p>\n\n\n\n<p><\/p>\n","protected":false},"excerpt":{"rendered":"<p>Cr\u00e9dit photo : Virginie Meign\u00e9 La compagnie Eteile propose un atelier de danse le mercredi soir en partenariat avec La Coop\u00e9rative Chor\u00e9graphique. \u00ab Prendre le temps d\u2019une danse \u00bbCet atelier est propos\u00e9 comme un temps pour un soi.&nbsp;Ce n\u2019est pas un cours de danse contemporaine \u00ab technique \u00bb mais un espace-temps o\u00f9 chacun vient avec&hellip; <a class=\"more-link\" href=\"https:\/\/lacooperativechoregraphique.org\/index.php\/ateliers-choregraphiques\/\">Poursuivre la lecture <span class=\"screen-reader-text\">Ateliers du mercredi<\/span><\/a><\/p>\n","protected":false},"author":1,"featured_media":0,"parent":0,"menu_order":0,"comment_status":"closed","ping_status":"closed","template":"","meta":{"footnotes":""},"class_list":["post-5005","page","type-page","status-publish","hentry","entry"],"_links":{"self":[{"href":"https:\/\/lacooperativechoregraphique.org\/index.php\/wp-json\/wp\/v2\/pages\/5005","targetHints":{"allow":["GET"]}}],"collection":[{"href":"https:\/\/lacooperativechoregraphique.org\/index.php\/wp-json\/wp\/v2\/pages"}],"about":[{"href":"https:\/\/lacooperativechoregraphique.org\/index.php\/wp-json\/wp\/v2\/types\/page"}],"author":[{"embeddable":true,"href":"https:\/\/lacooperativechoregraphique.org\/index.php\/wp-json\/wp\/v2\/users\/1"}],"replies":[{"embeddable":true,"href":"https:\/\/lacooperativechoregraphique.org\/index.php\/wp-json\/wp\/v2\/comments?post=5005"}],"version-history":[{"count":36,"href":"https:\/\/lacooperativechoregraphique.org\/index.php\/wp-json\/wp\/v2\/pages\/5005\/revisions"}],"predecessor-version":[{"id":7137,"href":"https:\/\/lacooperativechoregraphique.org\/index.php\/wp-json\/wp\/v2\/pages\/5005\/revisions\/7137"}],"wp:attachment":[{"href":"https:\/\/lacooperativechoregraphique.org\/index.php\/wp-json\/wp\/v2\/media?parent=5005"}],"curies":[{"name":"wp","href":"https:\/\/api.w.org\/{rel}","templated":true}]}}