{"id":4768,"date":"2020-09-08T12:24:45","date_gmt":"2020-09-08T10:24:45","guid":{"rendered":"http:\/\/lacooperativechoregraphique.org\/?page_id=4768"},"modified":"2020-09-09T18:52:47","modified_gmt":"2020-09-09T16:52:47","slug":"maze","status":"publish","type":"page","link":"https:\/\/lacooperativechoregraphique.org\/index.php\/maze\/","title":{"rendered":"MAZE \/ Chronophages &#8211; Oph\u00e9lie Brunet"},"content":{"rendered":"\n<figure class=\"wp-block-image size-large\"><img loading=\"lazy\" decoding=\"async\" width=\"1024\" height=\"683\" src=\"http:\/\/lacooperativechoregraphique.org\/wp-content\/uploads\/2020\/09\/schloss-bro\u0308llin_peter-van-heesen5-1024x683.jpg\" alt=\"\" class=\"wp-image-4720\" srcset=\"https:\/\/lacooperativechoregraphique.org\/wp-content\/uploads\/2020\/09\/schloss-bro\u0308llin_peter-van-heesen5-1024x683.jpg 1024w, https:\/\/lacooperativechoregraphique.org\/wp-content\/uploads\/2020\/09\/schloss-bro\u0308llin_peter-van-heesen5-300x200.jpg 300w, https:\/\/lacooperativechoregraphique.org\/wp-content\/uploads\/2020\/09\/schloss-bro\u0308llin_peter-van-heesen5-768x512.jpg 768w, https:\/\/lacooperativechoregraphique.org\/wp-content\/uploads\/2020\/09\/schloss-bro\u0308llin_peter-van-heesen5-1536x1024.jpg 1536w, https:\/\/lacooperativechoregraphique.org\/wp-content\/uploads\/2020\/09\/schloss-bro\u0308llin_peter-van-heesen5.jpg 1920w\" sizes=\"auto, (max-width: 1024px) 100vw, 1024px\" \/><\/figure>\n\n\n\n<p>\nApr\u00e8s\nplus d&rsquo;1 an de recherche pour un projet de cr\u00e9ation en salle, Les\nChronophages rebondissent vers une transformation en 2 courtes pi\u00e8ces\npour l&rsquo;espace ext\u00e9rieur. Il s&rsquo;agira de suivre le fil d&rsquo;un trin\u00f4me\ndans l&rsquo;\u00e9paisseur de la m\u00e9moire. Sorte de travers\u00e9e dans les\nvestiges d&rsquo;une cr\u00e9ation inachev\u00e9e mais persistante.<\/p>\n\n\n\n<p>Conception et chor\u00e9graphie : Oph\u00e9lie Brunet<br> Costumes : Annaig Le Cann<br> <br> <strong>MAZE#Les Fileuses<\/strong>  vers 14h30<br> Interpr\u00e9tation : Oph\u00e9lie Brunet, Elsa Deslandes et C\u00e9cilia Emmenegger<br> Accompagnement<em> live<\/em> \u00e0 la batterie : Eliana Beltr\u00e1n                                                        dur\u00e9e : 20 min<br> <br> <strong>MAZE#Les P\u00e9trifi\u00e9es<\/strong>  vers 17h<br> Interpr\u00e9tation : Oph\u00e9lie Brunet, Elsa Deslandes et C\u00e9cilia Emmenegger dur\u00e9e : 10 min<\/p>\n\n\n\n<p>Pour\ncette nouvelle version, avec le soutien de la R\u00e9gion Normandie, de\nla Ville de\nCaen et de <strong>L&rsquo;\u00e9table\n&#8211; Compagnie des Petits Champs, r\u00e9sidences de cr\u00e9ation.<\/strong><\/p>\n\n\n\n<p><strong>Lien\ndu teaser (ancienne version du projet)&nbsp;:<\/strong><\/p>\n\n\n\n<figure class=\"wp-block-embed-youtube wp-block-embed is-type-video is-provider-youtube wp-embed-aspect-16-9 wp-has-aspect-ratio\"><div class=\"wp-block-embed__wrapper\">\n<iframe loading=\"lazy\" title=\"Teaser &quot;Maze&quot;\" width=\"750\" height=\"422\" src=\"https:\/\/www.youtube.com\/embed\/CYF4oxhp374?feature=oembed\" frameborder=\"0\" allow=\"accelerometer; autoplay; clipboard-write; encrypted-media; gyroscope; picture-in-picture\" allowfullscreen><\/iframe>\n<\/div><\/figure>\n","protected":false},"excerpt":{"rendered":"<p>Apr\u00e8s plus d&rsquo;1 an de recherche pour un projet de cr\u00e9ation en salle, Les Chronophages rebondissent vers une transformation en 2 courtes pi\u00e8ces pour l&rsquo;espace ext\u00e9rieur. Il s&rsquo;agira de suivre le fil d&rsquo;un trin\u00f4me dans l&rsquo;\u00e9paisseur de la m\u00e9moire. Sorte de travers\u00e9e dans les vestiges d&rsquo;une cr\u00e9ation inachev\u00e9e mais persistante. Conception et chor\u00e9graphie : Oph\u00e9lie&hellip; <a class=\"more-link\" href=\"https:\/\/lacooperativechoregraphique.org\/index.php\/maze\/\">Poursuivre la lecture <span class=\"screen-reader-text\">MAZE \/ Chronophages &#8211; Oph\u00e9lie Brunet<\/span><\/a><\/p>\n","protected":false},"author":1,"featured_media":0,"parent":0,"menu_order":0,"comment_status":"closed","ping_status":"closed","template":"","meta":{"footnotes":""},"class_list":["post-4768","page","type-page","status-publish","hentry","entry"],"_links":{"self":[{"href":"https:\/\/lacooperativechoregraphique.org\/index.php\/wp-json\/wp\/v2\/pages\/4768","targetHints":{"allow":["GET"]}}],"collection":[{"href":"https:\/\/lacooperativechoregraphique.org\/index.php\/wp-json\/wp\/v2\/pages"}],"about":[{"href":"https:\/\/lacooperativechoregraphique.org\/index.php\/wp-json\/wp\/v2\/types\/page"}],"author":[{"embeddable":true,"href":"https:\/\/lacooperativechoregraphique.org\/index.php\/wp-json\/wp\/v2\/users\/1"}],"replies":[{"embeddable":true,"href":"https:\/\/lacooperativechoregraphique.org\/index.php\/wp-json\/wp\/v2\/comments?post=4768"}],"version-history":[{"count":4,"href":"https:\/\/lacooperativechoregraphique.org\/index.php\/wp-json\/wp\/v2\/pages\/4768\/revisions"}],"predecessor-version":[{"id":4907,"href":"https:\/\/lacooperativechoregraphique.org\/index.php\/wp-json\/wp\/v2\/pages\/4768\/revisions\/4907"}],"wp:attachment":[{"href":"https:\/\/lacooperativechoregraphique.org\/index.php\/wp-json\/wp\/v2\/media?parent=4768"}],"curies":[{"name":"wp","href":"https:\/\/api.w.org\/{rel}","templated":true}]}}

MAZE / Chronophages &#8211; Ophélie Brunet

<figure class="wp-block-image size-large"><img loading="lazy" decoding="async" width="1024" height="683" src="http://lacooperativechoregraphique.org/wp-content/uploads/2020/09/schloss-bröllin_peter-van-heesen5-1024x683.jpg" alt="" class="wp-image-4720" srcset="https://lacooperativechoregraphique.org/wp-content/uploads/2020/09/schloss-bröllin_peter-van-heesen5-1024x683.jpg 1024w, https://lacooperativechoregraphique.org/wp-content/uploads/2020/09/schloss-bröllin_peter-van-heesen5-300x200.jpg 300w, https://lacooperativechoregraphique.org/wp-content/uploads/2020/09/schloss-bröllin_peter-van-heesen5-768x512.jpg 768w, https://lacooperativechoregraphique.org/wp-content/uploads/2020/09/schloss-bröllin_peter-van-heesen5-1536x1024.jpg 1536w, https://lacooperativechoregraphique.org/wp-content/uploads/2020/09/schloss-bröllin_peter-van-heesen5.jpg 1920w" sizes="auto, (max-width: 1024px) 100vw, 1024px" /></figure>



<p>
Après
plus d&rsquo;1 an de recherche pour un projet de création en salle, Les
Chronophages rebondissent vers une transformation en 2 courtes pièces
pour l&rsquo;espace extérieur. Il s&rsquo;agira de suivre le fil d&rsquo;un trinôme
dans l&rsquo;épaisseur de la mémoire. Sorte de traversée dans les
vestiges d&rsquo;une création inachevée mais persistante.</p>



<p>Conception et chorégraphie : Ophélie Brunet<br> Costumes : Annaig Le Cann<br> <br> <strong>MAZE#Les Fileuses</strong>  vers 14h30<br> Interprétation : Ophélie Brunet, Elsa Deslandes et Cécilia Emmenegger<br> Accompagnement<em> live</em> à la batterie : Eliana Beltrán                                                        durée : 20 min<br> <br> <strong>MAZE#Les Pétrifiées</strong>  vers 17h<br> Interprétation : Ophélie Brunet, Elsa Deslandes et Cécilia Emmenegger durée : 10 min</p>



<p>Pour
cette nouvelle version, avec le soutien de la Région Normandie, de
la Ville de
Caen et de <strong>L&rsquo;étable
&#8211; Compagnie des Petits Champs, résidences de création.</strong></p>



<p><strong>Lien
du teaser (ancienne version du projet)&nbsp;:</strong></p>



<figure class="wp-block-embed-youtube wp-block-embed is-type-video is-provider-youtube wp-embed-aspect-16-9 wp-has-aspect-ratio"><div class="wp-block-embed__wrapper">
<iframe loading="lazy" title="Teaser &quot;Maze&quot;" width="750" height="422" src="https://www.youtube.com/embed/CYF4oxhp374?feature=oembed" frameborder="0" allow="accelerometer; autoplay; clipboard-write; encrypted-media; gyroscope; picture-in-picture" allowfullscreen></iframe>
</div></figure>

<p>Après plus d&rsquo;1 an de recherche pour un projet de création en salle, Les Chronophages rebondissent vers une transformation en 2 courtes pièces pour l&rsquo;espace extérieur. Il s&rsquo;agira de suivre le fil d&rsquo;un trinôme dans l&rsquo;épaisseur de la mémoire. Sorte de traversée dans les vestiges d&rsquo;une création inachevée mais persistante. Conception et chorégraphie : Ophélie&hellip; <a class="more-link" href="https://lacooperativechoregraphique.org/index.php/maze/">Poursuivre la lecture <span class="screen-reader-text">MAZE / Chronophages &#8211; Ophélie Brunet</span></a></p>
