{"id":194,"date":"2020-02-28T14:04:22","date_gmt":"2020-02-28T13:04:22","guid":{"rendered":"http:\/\/lacooperativechoregraphique.org\/?page_id=194"},"modified":"2020-03-03T16:07:10","modified_gmt":"2020-03-03T15:07:10","slug":"test","status":"publish","type":"page","link":"https:\/\/lacooperativechoregraphique.org\/index.php\/test\/","title":{"rendered":"workshop \u00ab\u00a0danse et technologie\u00a0\u00bb"},"content":{"rendered":"<p><strong>Le 28 &amp; 29 mars 2020<img loading=\"lazy\" decoding=\"async\" class=\"size-medium wp-image-179 alignright\" src=\"http:\/\/lacooperativechoregraphique.org\/wp-content\/uploads\/2020\/02\/D-700-C-6684-2-200x300.jpg\" alt=\"\" width=\"200\" height=\"300\" srcset=\"https:\/\/lacooperativechoregraphique.org\/wp-content\/uploads\/2020\/02\/D-700-C-6684-2-200x300.jpg 200w, https:\/\/lacooperativechoregraphique.org\/wp-content\/uploads\/2020\/02\/D-700-C-6684-2-681x1024.jpg 681w, https:\/\/lacooperativechoregraphique.org\/wp-content\/uploads\/2020\/02\/D-700-C-6684-2-768x1154.jpg 768w, https:\/\/lacooperativechoregraphique.org\/wp-content\/uploads\/2020\/02\/D-700-C-6684-2-1022x1536.jpg 1022w, https:\/\/lacooperativechoregraphique.org\/wp-content\/uploads\/2020\/02\/D-700-C-6684-2.jpg 1058w\" sizes=\"auto, (max-width: 200px) 100vw, 200px\" \/><\/strong><\/p>\n<p><strong>DAMIANO FOA &amp; P\u00c9RIG VILLERBU<\/strong><\/p>\n<p><strong>\u00ab\u00a0Danse et technologie\u00a0\u00bb<\/strong><\/p>\n<p>La technologie et l\u2019art de la danse se prennent au pi\u00e8ge.<br \/>\nAnimer la lumi\u00e8re, le son, la vid\u00e9o au travers de son corps.<br \/>\nStage adress\u00e9 aux danseurs, aux techniciens et \u00e0 quiconque aurait envie<br \/>\nd\u2019exp\u00e9rimenter et de jouer.<br \/>\nNous mettrons \u00e0 disposition plusieurs technologies.<br \/>\nAmenez si possible votre ordinateur et des v\u00eatements confortables.<\/p>\n<p><strong>28-29 mars 2020 de 10h \u00e0 12h et de 14h \u00e0 16h<\/strong><br \/>\n\u00c0 l\u2019\u00c9glise du S\u00e9pulcre, 5 place S\u00e9pulcre, 14000 Caen<\/p>\n<p>Tarif : 5\u20ac (adh\u00e9sion \u00e0 La Coop\u00e9rative Chor\u00e9graphique) et 40\u20ac pour le stage.<\/p>\n<p>R\u00e9servation : 06 80 38 37 56<br \/>\n<a href=\"mailto:simifoa.laura@gmail.com\">simifoa.laura@gmail.com<\/a><\/p>\n<p>Ouvert \u00e0 toutes et \u00e0 tous.<\/p>\n","protected":false},"excerpt":{"rendered":"<p>Le 28 &amp; 29 mars 2020 DAMIANO FOA &amp; P\u00c9RIG VILLERBU \u00ab\u00a0Danse et technologie\u00a0\u00bb La technologie et l\u2019art de la danse se prennent au pi\u00e8ge. Animer la lumi\u00e8re, le son, la vid\u00e9o au travers de son corps. Stage adress\u00e9 aux danseurs, aux techniciens et \u00e0 quiconque aurait envie d\u2019exp\u00e9rimenter et de jouer. Nous mettrons \u00e0&hellip; <a class=\"more-link\" href=\"https:\/\/lacooperativechoregraphique.org\/index.php\/test\/\">Poursuivre la lecture <span class=\"screen-reader-text\">workshop \u00ab\u00a0danse et technologie\u00a0\u00bb<\/span><\/a><\/p>\n","protected":false},"author":1,"featured_media":0,"parent":0,"menu_order":0,"comment_status":"closed","ping_status":"closed","template":"","meta":{"footnotes":""},"class_list":["post-194","page","type-page","status-publish","hentry","entry"],"_links":{"self":[{"href":"https:\/\/lacooperativechoregraphique.org\/index.php\/wp-json\/wp\/v2\/pages\/194","targetHints":{"allow":["GET"]}}],"collection":[{"href":"https:\/\/lacooperativechoregraphique.org\/index.php\/wp-json\/wp\/v2\/pages"}],"about":[{"href":"https:\/\/lacooperativechoregraphique.org\/index.php\/wp-json\/wp\/v2\/types\/page"}],"author":[{"embeddable":true,"href":"https:\/\/lacooperativechoregraphique.org\/index.php\/wp-json\/wp\/v2\/users\/1"}],"replies":[{"embeddable":true,"href":"https:\/\/lacooperativechoregraphique.org\/index.php\/wp-json\/wp\/v2\/comments?post=194"}],"version-history":[{"count":6,"href":"https:\/\/lacooperativechoregraphique.org\/index.php\/wp-json\/wp\/v2\/pages\/194\/revisions"}],"predecessor-version":[{"id":204,"href":"https:\/\/lacooperativechoregraphique.org\/index.php\/wp-json\/wp\/v2\/pages\/194\/revisions\/204"}],"wp:attachment":[{"href":"https:\/\/lacooperativechoregraphique.org\/index.php\/wp-json\/wp\/v2\/media?parent=194"}],"curies":[{"name":"wp","href":"https:\/\/api.w.org\/{rel}","templated":true}]}}

<p><strong>Le 28 &amp; 29 mars 2020<img loading="lazy" decoding="async" class="size-medium wp-image-179 alignright" src="http://lacooperativechoregraphique.org/wp-content/uploads/2020/02/D-700-C-6684-2-200x300.jpg" alt="" width="200" height="300" srcset="https://lacooperativechoregraphique.org/wp-content/uploads/2020/02/D-700-C-6684-2-200x300.jpg 200w, https://lacooperativechoregraphique.org/wp-content/uploads/2020/02/D-700-C-6684-2-681x1024.jpg 681w, https://lacooperativechoregraphique.org/wp-content/uploads/2020/02/D-700-C-6684-2-768x1154.jpg 768w, https://lacooperativechoregraphique.org/wp-content/uploads/2020/02/D-700-C-6684-2-1022x1536.jpg 1022w, https://lacooperativechoregraphique.org/wp-content/uploads/2020/02/D-700-C-6684-2.jpg 1058w" sizes="auto, (max-width: 200px) 100vw, 200px" /></strong></p>
<p><strong>DAMIANO FOA &amp; PÉRIG VILLERBU</strong></p>
<p><strong>« Danse et technologie »</strong></p>
<p>La technologie et l’art de la danse se prennent au piège.<br />
Animer la lumière, le son, la vidéo au travers de son corps.<br />
Stage adressé aux danseurs, aux techniciens et à quiconque aurait envie<br />
d’expérimenter et de jouer.<br />
Nous mettrons à disposition plusieurs technologies.<br />
Amenez si possible votre ordinateur et des vêtements confortables.</p>
<p><strong>28-29 mars 2020 de 10h à 12h et de 14h à 16h</strong><br />
À l’Église du Sépulcre, 5 place Sépulcre, 14000 Caen</p>
<p>Tarif : 5€ (adhésion à La Coopérative Chorégraphique) et 40€ pour le stage.</p>
<p>Réservation : 06 80 38 37 56<br />
<a href="mailto:simifoa.laura@gmail.com">simifoa.laura@gmail.com</a></p>
<p>Ouvert à toutes et à tous.</p>

<p>Le 28 &amp; 29 mars 2020 DAMIANO FOA &amp; PÉRIG VILLERBU « Danse et technologie » La technologie et l’art de la danse se prennent au piège. Animer la lumière, le son, la vidéo au travers de son corps. Stage adressé aux danseurs, aux techniciens et à quiconque aurait envie d’expérimenter et de jouer. Nous mettrons à&hellip; <a class="more-link" href="https://lacooperativechoregraphique.org/index.php/test/">Poursuivre la lecture <span class="screen-reader-text">workshop « danse et technologie »</span></a></p>
