{"id":16,"date":"2019-10-19T11:28:43","date_gmt":"2019-10-19T09:28:43","guid":{"rendered":"http:\/\/lacooperativechoregraphique.org\/?page_id=16"},"modified":"2020-05-13T11:02:51","modified_gmt":"2020-05-13T09:02:51","slug":"chronophages","status":"publish","type":"page","link":"https:\/\/lacooperativechoregraphique.org\/index.php\/chronophages\/","title":{"rendered":"CHRONOPHAGES"},"content":{"rendered":"\n<p><strong>Oph\u00e9lie Brunet<\/strong><\/p>\n\n\n\n<figure class=\"wp-block-image size-large\"><img loading=\"lazy\" decoding=\"async\" width=\"1024\" height=\"171\" src=\"http:\/\/lacooperativechoregraphique.org\/wp-content\/uploads\/2020\/05\/chrono_bandeau-web-lcc-1024x171.jpg\" alt=\"\" class=\"wp-image-971\" srcset=\"https:\/\/lacooperativechoregraphique.org\/wp-content\/uploads\/2020\/05\/chrono_bandeau-web-lcc-1024x171.jpg 1024w, https:\/\/lacooperativechoregraphique.org\/wp-content\/uploads\/2020\/05\/chrono_bandeau-web-lcc-300x50.jpg 300w, https:\/\/lacooperativechoregraphique.org\/wp-content\/uploads\/2020\/05\/chrono_bandeau-web-lcc-768x128.jpg 768w, https:\/\/lacooperativechoregraphique.org\/wp-content\/uploads\/2020\/05\/chrono_bandeau-web-lcc.jpg 1200w\" sizes=\"auto, (max-width: 1024px) 100vw, 1024px\" \/><\/figure>\n\n\n<div class=\"texte\">\n<p>L\u2019association Les Chronophages a \u00e9t\u00e9 fond\u00e9e en 2007 \u00e0 l\u2019occasion de la premi\u00e8re repr\u00e9sentation professionnelle de \u00ab&nbsp;Huis clos&nbsp;\u00bb de Jean-Paul Sartre, mis en sc\u00e8ne par Oph\u00e9lie Brunet \u00e0 l\u2019Espace Puzzle \u00e0 Caen. Puis, le spectacle visuel sur l\u2019univers \u00ab&nbsp;Cosmose&nbsp;\u00bb, entre danse et th\u00e9\u00e2tre, vit le jour et b\u00e9n\u00e9ficia de deux tourn\u00e9es en France (avec l\u2019obtention du 1er prix du festival-concours de th\u00e9\u00e2tre universitaire d\u2019Albi) et en Allemagne. Ce spectacle permit \u00e0 Oph\u00e9lie Brunet de renforcer les liens entre son travail et le festival B\u00fcnte Buhne \u00e0 Stuttgart. Elle y a anim\u00e9 des workshops europ\u00e9ens de th\u00e9\u00e2tre physique entre Fran\u00e7ais, Roumains et Allemands (en 2010 \u00e0 Stuttgart \/ en 2011 \u00e0 Bayeux) gr\u00e2ce \u00e0 l\u2019OFAJ.<\/p>\n<p>D\u2019abord d\u00e9di\u00e9e \u00e0 un th\u00e9\u00e2tre physique, la compagnie a progressivement bascul\u00e9 vers la danse il y a quelques ann\u00e9es, en \u00e9cho au parcours d\u2019Oph\u00e9lie Brunet, directrice artistique.<br class=\"autobr\">Les Chronophages se d\u00e9veloppent actuellement sur deux volets&nbsp;: le premier concerne la danse verticale avec des interventions suspendues en hauteur et\/ou dans des environnements ext\u00e9rieurs ou int\u00e9rieurs&nbsp;; le second volet concerne une \u00e9criture hybride entre danse et mime, teint\u00e9e de recherche scientifique. En effet, les mat\u00e9riaux chor\u00e9graphiques d\u2019Oph\u00e9lie Brunet sont tr\u00e8s souvent impr\u00e9gn\u00e9s par les sciences. D\u00e9j\u00e0, 10 ans auparavant, elle s\u2019int\u00e9ressait \u00e0 l\u2019astrophysique. D\u00e9sormais, c\u2019est aupr\u00e8s de la neuropsychologie qu\u2019elle vient s\u2019abreuver.<\/p>\n<p>\u00c0 l\u2019occasion de la cr\u00e9ation de sa premi\u00e8re pi\u00e8ce chor\u00e9graphique (le solo sur la m\u00e9moire \u00ab&nbsp;R\u00e9surgences&nbsp;\u00bb cr\u00e9\u00e9 en mai 2017) et d\u2019un Jumelage DRAC-Universit\u00e9 \u00e0 la Maison de l\u2019\u00e9tudiant de Caen, Oph\u00e9lie Brunet a rencontr\u00e9 les neuropsychologues Francis Eustache (directeur de l\u2019unit\u00e9 de recherche U1077 INSERM-UNICAEN-EPHE \u00ab&nbsp;Neuropsychologie et Imagerie de la M\u00e9moire Humaine&nbsp;\u00bb, et de CYCERON) et Herv\u00e9 Platel (Professeur de Psychologie \u00e0 l\u2019Universit\u00e9 de Caen) et a pu s\u2019immerger en territoire scientifique. Elle a alors men\u00e9 des entretiens aupr\u00e8s des \u00e9quipes \u00e0 propos de leurs recherches sur les m\u00e9moires individuelles et collectives (notamment le Programme \u00ab&nbsp;13-Novembre&nbsp;\u00bb sur les attentats de Paris) et de leurs outils de travail (IRM, ateliers Alzheimer\u2026). Cette collaboration passionnante a nourri la cr\u00e9ation de \u00ab&nbsp;R\u00e9surgences&nbsp;\u00bb o\u00f9 le corps et le plateau ont \u00e9t\u00e9 de v\u00e9ritables laboratoires d\u2019exp\u00e9rimentation artistique. Ce spectacle pose une premi\u00e8re pierre \u00e0 son \u00e9difice d\u2019artiste \u00e9mergente au service d\u2019un univers singulier.<\/p>\n<p>Cet univers a r\u00e9cemment \u00e9t\u00e9 requis par l\u2019Universit\u00e9 de Caen pour \u00e0 la c\u00e9l\u00e9bration du 60i\u00e8me anniversaire de sa reconstruction. Oph\u00e9lie Brunet, entour\u00e9e d\u2019une \u00e9quipe solide, a donc cr\u00e9\u00e9 le spectacle \u00e9v\u00e9nement de la Nuit blanche du 7 octobre 2017, \u00ab&nbsp;M\u00e9moires du Ph\u00e9nix&nbsp;\u00bb, en chor\u00e9graphiant le Ph\u00e9nix, embl\u00e8me de l\u2019Universit\u00e9, ainsi que 35 \u00e9tudiants volontaires.<\/p>\n<p>Oph\u00e9lie Brunet repart en cr\u00e9ation en 2018 pour un nouveau projet&nbsp;: MAZE, po\u00e8me chor\u00e9graphique et plastique pour la 3e Symphonie de G\u00f3recki, avec l\u2019artiste colombienne Eliana Beltr\u00e1n (cr\u00e9ation pr\u00e9vue pour 2021).<\/p>\n<p>L\u2019\u00e9quipe des Chronophages varie selon les projets.<br class=\"autobr\">A la conception et interpr\u00e9tation des projets&nbsp;: Oph\u00e9lie Brunet.<br class=\"autobr\">A l\u2019aide chor\u00e9graphique et interpr\u00e9tation&nbsp;: C\u00e9cilia Emmenegger et Coralie Banchereau.<br class=\"autobr\">Au son&nbsp;: Antoine Quoniam.<br class=\"autobr\">A la cr\u00e9ation musicale&nbsp;: Nicolas Marsanne.<br class=\"autobr\">A la lumi\u00e8re&nbsp;: Olivier Bourguignon, Audrey Quesnel et J\u00e9r\u00f4me Houl\u00e8s.<br class=\"autobr\">Aux costumes&nbsp;: Annaig Le Cann et Alix Lauvergeat (et coiffure-maquillage).<br class=\"autobr\">A la sc\u00e9nographie&nbsp;: Eliana Beltr\u00e1n.<br class=\"autobr\">A la r\u00e9gie g\u00e9n\u00e9rale&nbsp;: Bruno Banchereau et Olivier Ingouf.<br class=\"autobr\">A la s\u00e9curit\u00e9 en hauteur&nbsp;: Oph\u00e9lie Brunet et Maxime Monziols.<\/p>\n<\/div>\n\n\n<figure class=\"wp-block-image size-large\"><img loading=\"lazy\" decoding=\"async\" width=\"1024\" height=\"683\" src=\"http:\/\/lacooperativechoregraphique.org\/wp-content\/uploads\/2020\/05\/schloss-bro\u0308llin-peter-van-heesen2-1024x683.jpg\" alt=\"\" class=\"wp-image-973\" srcset=\"https:\/\/lacooperativechoregraphique.org\/wp-content\/uploads\/2020\/05\/schloss-bro\u0308llin-peter-van-heesen2-1024x683.jpg 1024w, https:\/\/lacooperativechoregraphique.org\/wp-content\/uploads\/2020\/05\/schloss-bro\u0308llin-peter-van-heesen2-300x200.jpg 300w, https:\/\/lacooperativechoregraphique.org\/wp-content\/uploads\/2020\/05\/schloss-bro\u0308llin-peter-van-heesen2-768x512.jpg 768w, https:\/\/lacooperativechoregraphique.org\/wp-content\/uploads\/2020\/05\/schloss-bro\u0308llin-peter-van-heesen2-1536x1024.jpg 1536w, https:\/\/lacooperativechoregraphique.org\/wp-content\/uploads\/2020\/05\/schloss-bro\u0308llin-peter-van-heesen2.jpg 1920w\" sizes=\"auto, (max-width: 1024px) 100vw, 1024px\" \/><\/figure>\n","protected":false},"excerpt":{"rendered":"<p>Oph\u00e9lie Brunet L\u2019association Les Chronophages a \u00e9t\u00e9 fond\u00e9e en 2007 \u00e0 l\u2019occasion de la premi\u00e8re repr\u00e9sentation professionnelle de \u00ab&nbsp;Huis clos&nbsp;\u00bb de Jean-Paul Sartre, mis en sc\u00e8ne par Oph\u00e9lie Brunet \u00e0 l\u2019Espace Puzzle \u00e0 Caen. Puis, le spectacle visuel sur l\u2019univers \u00ab&nbsp;Cosmose&nbsp;\u00bb, entre danse et th\u00e9\u00e2tre, vit le jour et b\u00e9n\u00e9ficia de deux tourn\u00e9es en France&hellip; <a class=\"more-link\" href=\"https:\/\/lacooperativechoregraphique.org\/index.php\/chronophages\/\">Poursuivre la lecture <span class=\"screen-reader-text\">CHRONOPHAGES<\/span><\/a><\/p>\n","protected":false},"author":1,"featured_media":0,"parent":0,"menu_order":0,"comment_status":"closed","ping_status":"closed","template":"","meta":{"footnotes":""},"class_list":["post-16","page","type-page","status-publish","hentry","entry"],"_links":{"self":[{"href":"https:\/\/lacooperativechoregraphique.org\/index.php\/wp-json\/wp\/v2\/pages\/16","targetHints":{"allow":["GET"]}}],"collection":[{"href":"https:\/\/lacooperativechoregraphique.org\/index.php\/wp-json\/wp\/v2\/pages"}],"about":[{"href":"https:\/\/lacooperativechoregraphique.org\/index.php\/wp-json\/wp\/v2\/types\/page"}],"author":[{"embeddable":true,"href":"https:\/\/lacooperativechoregraphique.org\/index.php\/wp-json\/wp\/v2\/users\/1"}],"replies":[{"embeddable":true,"href":"https:\/\/lacooperativechoregraphique.org\/index.php\/wp-json\/wp\/v2\/comments?post=16"}],"version-history":[{"count":6,"href":"https:\/\/lacooperativechoregraphique.org\/index.php\/wp-json\/wp\/v2\/pages\/16\/revisions"}],"predecessor-version":[{"id":974,"href":"https:\/\/lacooperativechoregraphique.org\/index.php\/wp-json\/wp\/v2\/pages\/16\/revisions\/974"}],"wp:attachment":[{"href":"https:\/\/lacooperativechoregraphique.org\/index.php\/wp-json\/wp\/v2\/media?parent=16"}],"curies":[{"name":"wp","href":"https:\/\/api.w.org\/{rel}","templated":true}]}}